 11?
-100001111110
In base 4, what is 132 + 20?
212
In base 5, what is 10 + 0?
10
In base 13, what is 17 - -11?
28
In base 10, what is -34 - 0?
-34
In base 2, what is 101 - 1001010?
-1000101
In base 14, what is b9 - 11?
a8
In base 15, what is 5b - 2?
59
In base 7, what is -2 - -163?
161
In base 5, what is 22 - -2040?
2112
In base 16, what is -854 - 1?
-855
In base 5, what is -40244 - 10?
-40304
In base 9, what is 5 - 115?
-110
In base 16, what is -7 - -911?
90a
In base 2, what is -110 - 1101?
-10011
In base 7, what is -22 - -264?
242
In base 13, what is 1 - -75?
76
In base 12, what is 9a39 + 0?
9a39
In base 9, what is -715 - 2?
-717
In base 16, what is 2 + 3a?
3c
In base 13, what is 93 + -4?
8c
In base 9, what is 3 + -4317?
-4314
In base 16, what is 0 + 8?
8
In base 16, what is -1 + -1f?
-20
In base 5, what is 104 + -441?
-332
In base 3, what is 12020 - 2?
12011
In base 5, what is 4 - 140301?
-140242
In base 14, what is -1 - -50?
4d
In base 5, what is -4 + -30?
-34
In base 13, what is 20a3 + -4?
209c
In base 5, what is 0 + -21?
-21
In base 7, what is -1013 - 4?
-1020
In base 12, what is b1 - 10?
a1
In base 7, what is -4 - 1506?
-1513
In base 7, what is 3 - 1026?
-1023
In base 9, what is 1312 + 4?
1316
In base 5, what is -2 + -20133?
-20140
In base 16, what is -8d + 3?
-8a
In base 13, what is 3 - 15?
-12
In base 15, what is 4 - -e38?
e3c
In base 14, what is -4d13 + -4?
-4d17
In base 6, what is -135 + 24?
-111
In base 6, what is -33 + 145?
112
In base 12, what is -3 + 905?
902
In base 7, what is -230 - -1?
-226
In base 12, what is -24 + a3?
7b
In base 10, what is -460 + 0?
-460
In base 12, what is 5 + 256?
25b
In base 3, what is 10222 - 120?
10102
In base 6, what is 3301 + -15?
3242
In base 9, what is 166 + 5?
172
In base 16, what is -34a + 4?
-346
In base 8, what is 2535 + 0?
2535
In base 3, what is -111001010 - -1?
-111001002
In base 4, what is -3 + -332?
-1001
In base 2, what is -100 - 11001?
-11101
In base 11, what is -1071 - 5?
-1076
In base 10, what is -1 - -347?
346
In base 7, what is -40 - 24?
-64
In base 16, what is 1 - -b9d?
b9e
In base 14, what is -3 + 76?
73
In base 10, what is -962 - -3?
-959
In base 11, what is 6a95 - -4?
6a99
In base 8, what is -2 - -2416?
2414
In base 2, what is -11 - 1100011010?
-1100011101
In base 11, what is 3 - a3?
-a0
In base 3, what is 12 - -1121?
1210
In base 4, what is -21 - -11?
-10
In base 13, what is 0 + 128?
128
In base 8, what is 47 - -14?
63
In base 9, what is 3 - -158?
162
In base 12, what is 9912 - 4?
990a
In base 4, what is -100023 - 2?
-100031
In base 3, what is 122002 + -2?
122000
In base 9, what is -2360 - -8?
-2351
In base 6, what is 1042 - 3?
1035
In base 4, what is -132 + -2?
-200
In base 9, what is 748 - -7?
756
In base 2, what is -1001 - 10101?
-11110
In base 15, what is 17 + -21b?
-204
In base 16, what is 20 + -5?
1b
In base 5, what is 3341 + -3?
3333
In base 12, what is 10 + -64?
-54
In base 2, what is -1000010 + 10?
-1000000
In base 5, what is -3023 + -101?
-3124
In base 5, what is -12020 + -1?
-12021
In base 15, what is 1 + 5b2?
5b3
In base 2, what is -11 + 10011100?
10011001
In base 3, what is -10 + -2002020?
-2002100
In base 13, what is -25 + 5?
-20
In base 6, what is 4350 + -23?
4323
In base 13, what is -220 - 3?
-223
In base 5, what is -4 + -120?
-124
In base 6, what is 2203 + 5?
2212
In base 16, what is -f - -f?
0
In base 2, what is 10001101 + -1?
10001100
In base 12, what is 1b79 - 4?
1b75
In base 15, what is 2 - -3a?
3c
In base 4, what is 11 - -10223?
10300
In base 6, what is -11 + -3051?
-3102
In base 2, what is -11001100110100 + -101?
-11001100111001
In base 7, what is 35 - -35?
103
In base 5, what is 1333 - 4?
1324
In base 12, what is 1a - -101?
11b
In base 11, what is -12a8 + -2?
-12aa
In base 8, what is 1 + 3605?
3606
In base 13, what is -57 + 7?
-50
In base 2, what is 1001000001 + 101?
1001000110
In base 10, what is 18 - -61?
79
In base 16, what is 1 + -a2d?
-a2c
In base 5, what is 30201 - 10?
30141
In base 10, what is 2 + -69?
-67
In base 10, what is -16 - 82?
-98
In base 16, what is 37b + -1?
37a
In base 7, what is -3 + 3000?
2664
In base 7, what is 61 - -164?
255
In base 8, what is -205 - 1?
-206
In base 11, what is 0 + 245?
245
In base 16, what is -3 + 81?
7e
In base 8, what is 62 - -2?
64
In base 15, what is 92a + 0?
92a
In base 7, what is -10603 + 4?
-10566
In base 3, what is -2 - -2201?
2122
In base 6, what is 2 - -4?
10
In base 3, what is 202200 - 12?
202111
In base 7, what is 5 + -10660?
-10652
In base 5, what is 133 - -10?
143
In base 14, what is -152 + 3?
-14d
In base 16, what is -160f + 0?
-160f
In base 9, what is 2 + -833?
-831
In base 4, what is 1032 + -103?
323
In base 2, what is 10110110 + 110?
10111100
In base 3, what is -21222002 - 12?
-21222021
In base 16, what is 2 - 10?
-e
In base 10, what is 1440 + 1?
1441
In base 14, what is -5 + -c?
-13
In base 12, what is -4 + -106?
-10a
In base 9, what is 4 + 423?
427
In base 12, what is -597 + -21?
-5b8
In base 3, what is -210 + 1021?
111
In base 16, what is 42 + 0?
42
In base 15, what is a1 + -2?
9e
In base 6, what is 4 + 104?
112
In base 13, what is -65 + 19?
-49
In base 6, what is 4 + -2?
2
In base 13, what is 0 - -1250?
1250
In base 14, what is 3 + -29?
-26
In base 16, what is -2a + -a?
-34
In base 11, what is -2 + 580?
579
In base 4, what is 11 - -213303?
213320
In base 7, what is 42 - -2?
44
In base 6, what is 15041 + 2?
15043
In base 5, what is -133 - -1?
-132
In base 12, what is -3 - -28?
25
In base 2, what is 100 - 1?
11
In base 5, what is -10 + 30012?
30002
In base 2, what is 10 + -10100101011?
-10100101001
In base 10, what is 5 - -189?
194
In base 12, what is a0 + 11a?
1ba
In base 10, what is -1 + -1138?
-1139
In base 13, what is 5 + -28?
-23
In base 4, what is 11 - -3231?
3302
In base 5, what is 3 - -301?
304
In base 12, what is -4 - 1a?
-22
In base 6, what is -21 - 1?
-22
In base 10, what is 241 - 4?
237
In base 2, what is 101 + 1000000?
1000101
In base 14, what is 4 + 4?
8
In base 4, what is 21311 - -20?
21331
In base 10, what is 20 + -8?
12
In base 4, what is -101 + -10?
-111
In base 5, what is -130 + -434?
-1114
In base 11, what is 5 + -18a?
-185
In base 8, what is -2 + 24?
22
In base 3, what is 120 - -1210?
2100
In base 6, what is 4443 - -3?
4450
In base 10, what is 3 + 192?
195
In base 9, what is -7 - -53?
45
In base 3, what is -1 - -11221200?
11221122
In base 3, what is -12000010 - 11?
-12000021
In base 12, what is 1b + 1?
20
In base 8, what is -54 + 13?
-41
In base 7, what is -4 - -11444?
11440
In base 12, what is 1 - -20ba?
20bb
In base 14, what is -3 + -430?
-433
In base 9, what is -24 - 56?
-81
In base 6, what is 40 + 425?
505
In base 2, what is -101110 - -10?
-101100
In base 9, what is -5 + 71?
65
In base 4, what is -1 - 113?
-120
In base 9, what is -1025 - -11?
-1014
In base 13, what is 61 - 2?
5c
In base 8, what is -17 + -10?
-27
In base 12, what is -2 - 363?
-365
In base 9, what is -1108 - -7?
-1101
In base 9, what is 0 + -23?
-23
In base 7, what is 240 - -5?
245
In base 6, what is -44 + 10?
-34
In base 4, what is -301 - -2?
-233
In base 5, what is -1401311 + -2?
-1401313
In base 7, what is 15 + 4?
22
In base 12, what is -3 + 462?
45b
In base 15, what is 4 - 87b?
-877
In base 4, what is 112031 + -3?
112022
In base 2, what is 1010011 + 101?
1011000
In base 7, what is -2425 + -14?
-2442
In base 12, what is -46 - -56?
10
In base 11, what is 3 - -4137?
413a
In base 3, what is -121001020 - 1?
-121001021
In base 16, what is 5 + -62?
-5d
In base 15, what is 59 + 53?
ac
In base 6, what is 4055 - -4?
4103
In base 7, what is -5 - 240?
-245
In base 9, what is 0 + 14?
14
In base 16, what is 5 - 68d?
-688
In base 5, what is 241 + -11?
230
In base 14, what is -ca27 - 5?
-ca2c
In base 4, what is -2322 - -221?
-2101
In base 4, what is 1023 + 202?
1231
In base 11, what is 274 - 5?
26a
In base 16, what is -3 - 12e?
-131
In base 14, what is 1b0 + -12?
19c
In base 5, what is -41 - 424?
-1020
In base 11, what is 2 - -151?
153
In base 14, what is -81aa - 2?
-81ac
In base 9, what is 51 + 5?
56
In base 7, what is -3 - 2?
-5
In base 4, what is 1 - -32102?
32103
In base 5, what is -34 - 4?
-43
In base 2, what is -10101001 - -1110110?
-110011
In base 3, what is 10100000 + 12?
10100012
In base 5, what is 114